
In base 7, what is -4 + -15?
-22
In base 11, what is 39 - a7?
-69
In base 14, what is -22 - -60?
3c
In base 13, what is 106a - -5?
1072
In base 13, what is 4 + -22c?
-228
In base 13, what is 8 + -23?
-18
In base 4, what is 1 - 2333?
-2332
In base 2, what is 11 - 10110000?
-10101101
In base 11, what is -13 + 974?
961
In base 10, what is -5520 - 2?
-5522
In base 3, what is -12 - 1202121?
-1202210
In base 10, what is -4 + -15?
-19
In base 8, what is -6 - 65?
-73
In base 3, what is -111222 - -2?
-111220
In base 5, what is -22 + 204?
132
In base 14, what is 2 - -1406?
1408
In base 6, what is 11 - -435?
450
In base 6, what is 43 - 15?
24
In base 10, what is 1 + -2285?
-2284
In base 14, what is -277 + 4?
-273
In base 13, what is 864 - 5?
85c
In base 12, what is -23 + 9?
-16
In base 15, what is 4 + -1a2?
-19d
In base 15, what is 5 + -18?
-13
In base 5, what is -10 + -321?
-331
In base 8, what is -75 + 102?
5
In base 4, what is 1101 + 11?
1112
In base 10, what is 0 - -134?
134
In base 6, what is -22 + 232?
210
In base 11, what is -54 - -2?
-52
In base 11, what is -8 + -1a?
-27
In base 14, what is 0 + 388?
388
In base 5, what is -330121 - 4?
-330130
In base 3, what is -100 + -2222100?
-2222200
In base 3, what is -11222211 + -2?
-11222220
In base 8, what is -11 + -267?
-300
In base 12, what is 242 - -1?
243
In base 8, what is -45 + 562?
515
In base 14, what is 2d + 11?
40
In base 16, what is 4 + -1bc?
-1b8
In base 8, what is 1 + 416?
417
In base 6, what is 1111 + 155?
1310
In base 8, what is 41 - -15?
56
In base 4, what is -11201 - -20?
-11121
In base 14, what is -26 - 0?
-26
In base 4, what is 2 + -1001311?
-1001303
In base 2, what is -100100101000001 + -11?
-100100101000100
In base 2, what is 10010 - 101?
1101
In base 12, what is 6 + b?
15
In base 15, what is -1bd + -21?
-1de
In base 2, what is -110 + 11110001101?
11110000111
In base 16, what is 2 - 2a4?
-2a2
In base 2, what is -10 - -11010?
11000
In base 2, what is 10 - -11110111?
11111001
In base 9, what is 0 + 21?
21
In base 9, what is 10 + -577?
-567
In base 2, what is 0 - 10100000?
-10100000
In base 12, what is 1b5 - -3?
1b8
In base 7, what is -3 + 55?
52
In base 13, what is 3 + -14c3?
-14c0
In base 5, what is 4 + -12?
-3
In base 7, what is -1 - -2224?
2223
In base 9, what is 102 + -5?
86
In base 5, what is 3013 - -31?
3044
In base 15, what is 0 + e?
e
In base 10, what is 56 + 0?
56
In base 11, what is 2 - 340?
-339
In base 8, what is -12 + 2?
-10
In base 8, what is 533 + -2?
531
In base 9, what is -200 - 5?
-205
In base 15, what is 4 + 32?
36
In base 14, what is -1b - 1?
-1c
In base 6, what is 2 + 154?
200
In base 14, what is b82a + 0?
b82a
In base 10, what is -912 - -5?
-907
In base 4, what is 1033 - 11?
1022
In base 2, what is 111 - 11001?
-10010
In base 12, what is 7 - -b0?
b7
In base 8, what is -1 + 25?
24
In base 12, what is 13aa0 + 2?
13aa2
In base 11, what is 7 + 16?
22
In base 15, what is -693 + 1?
-692
In base 14, what is 106 + -30?
b6
In base 13, what is a1 + -9?
95
In base 4, what is -11 - 2220?
-2231
In base 8, what is 1 - -1122?
1123
In base 13, what is -50 - -4?
-49
In base 14, what is -c - 14?
-22
In base 8, what is -15 - -165?
150
In base 16, what is 4 - -3b?
3f
In base 9, what is 325 + 15?
341
In base 15, what is -143d - 1?
-143e
In base 5, what is -10000 + 4?
-4441
In base 2, what is -1000 - -1101111?
1100111
In base 7, what is 5 + 2105?
2113
In base 14, what is -196 + 3?
-193
In base 12, what is 4b6 - 12?
4a4
In base 6, what is 0 + -5052?
-5052
In base 12, what is 11 - -7?
18
In base 11, what is -19 - 12?
-30
In base 2, what is 10111 - -1010?
100001
In base 12, what is -7866 + 5?
-7861
In base 7, what is 12 + 24?
36
In base 3, what is 11 - 210212?
-210201
In base 5, what is 33 - 34?
-1
In base 12, what is 8706 - 0?
8706
In base 13, what is 7b + 22?
a0
In base 15, what is 2 + 1b5?
1b7
In base 3, what is 10 - 20?
-10
In base 16, what is -5 + -449?
-44e
In base 8, what is -1046 - -3?
-1043
In base 12, what is ab - -4?
b3
In base 11, what is -3 - 987?
-98a
In base 8, what is 175 - 3?
172
In base 10, what is -329 - 1?
-330
In base 12, what is 25325 - -2?
25327
In base 8, what is -4 - -226?
222
In base 15, what is -1b + 14?
-7
In base 6, what is 455 + 53?
552
In base 8, what is 65 + 36?
123
In base 15, what is 0 - 5?
-5
In base 9, what is 500 + -1?
488
In base 10, what is -3 + -438?
-441
In base 3, what is 10 + -100?
-20
In base 7, what is 13 + -126?
-113
In base 7, what is -5235 - -5?
-5230
In base 15, what is -3 - e82?
-e85
In base 7, what is 0 + 1?
1
In base 12, what is -3 + b1?
aa
In base 13, what is -8 + -6?
-11
In base 5, what is 20 - -2030?
2100
In base 9, what is 31 + 73?
114
In base 9, what is 56 - -4?
61
In base 14, what is 1 + 1a4?
1a5
In base 9, what is -8455 - -1?
-8454
In base 15, what is b2 - -4?
b6
In base 15, what is 4bb + 4?
4c0
In base 3, what is 12211 - 110?
12101
In base 9, what is -3 - 22?
-25
In base 5, what is 3124 + -1?
3123
In base 4, what is -13 + -321?
-1000
In base 10, what is -6 - -59?
53
In base 10, what is 7 - 289?
-282
In base 9, what is -8 - -3?
-5
In base 16, what is -16 + -72?
-88
In base 3, what is 21121 + -2?
21112
In base 6, what is -134 - 1?
-135
In base 6, what is -5 - 11020?
-11025
In base 6, what is -220 + 11?
-205
In base 7, what is 20 - -6?
26
In base 2, what is -10100011 + 10101?
-10001110
In base 12, what is 4 - ab?
-a7
In base 7, what is 4 + -62?
-55
In base 10, what is -3 - 22?
-25
In base 3, what is -222 - -2?
-220
In base 6, what is 1 - -2105?
2110
In base 14, what is 4 - -178?
17c
In base 13, what is b - 4?
7
In base 11, what is -2 + 13?
11
In base 5, what is -102 + -244?
-401
In base 16, what is -3 - -52?
4f
In base 13, what is 5 + -1025?
-1020
In base 4, what is -1200 - 1?
-1201
In base 6, what is -10 + -43?
-53
In base 11, what is 91 - -11?
a2
In base 14, what is 158 - 12?
146
In base 10, what is -1 - -22?
21
In base 13, what is -4 + -903?
-907
In base 4, what is 31011 - -10?
31021
In base 4, what is -33003 - -1?
-33002
In base 3, what is 11021 + 1?
11022
In base 13, what is -206 - -5?
-201
In base 15, what is -4 - 28a3?
-28a7
In base 6, what is 1 + -150?
-145
In base 13, what is -5 + 181c?
1817
In base 10, what is -5 - 25?
-30
In base 8, what is -177 + -1?
-200
In base 13, what is 1c1 - -4?
1c5
In base 2, what is 10 - 1100111?
-1100101
In base 9, what is 5 + -143?
-137
In base 12, what is -762 - -7?
-757
In base 6, what is 5 - 32?
-23
In base 6, what is 0 + -145?
-145
In base 12, what is 182 - 2?
180
In base 8, what is -3 - -3310?
3305
In base 2, what is -11100011010 - 0?
-11100011010
In base 15, what is 8 - 75?
-6c
In base 16, what is e + -d8?
-ca
In base 4, what is 0 - 311?
-311
In base 7, what is 505 - -4?
512
In base 2, what is -1 + 101000?
100111
In base 15, what is -7c9a + 3?
-7c97
In base 8, what is 143 - 5?
136
In base 6, what is 342 - 1?
341
In base 16, what is 1a + 2e?
48
In base 5, what is -203 - -2434?
2231
In base 13, what is -169 + -2?
-16b
In base 15, what is 4 - -16?
1a
In base 9, what is -4171 - 4?
-4175
In base 3, what is -12010 + -1020?
-20100
In base 11, what is -1 - -116?
115
In base 5, what is -1332 - 1?
-1333
In base 11, what is 1 + 42?
43
In base 8, what is -2251 + -2?
-2253
In base 8, what is -5 + 4?
-1
In base 12, what is 5140 - 5?
5137
In base 5, what is -122 + 412?
240
In base 8, what is 4 - 100?
-74
In base 6, what is -1505 - 4?
-1513
In base 12, what is 17b - -44?
203
In base 9, what is -26086 + -5?
-26102
In base 11, what is -15 + -144?
-159
In base 3, what is 2010 - 11?
1222
In base 13, what is -2 - 460?
-462
In base 11, what is -3 - -5175?
5172
In base 16, what is -322 + d?
-315
In base 8, what is 365 + 63?
450
In base 11, what is -38642 - 5?
-38647
In base 8, what is -404 - 1?
-405
In base 14, what is 1 - -98?
99
In base 4, what is -10 - 2312?
-2322
In base 14, what is 2a5 - 5?
2a0
In base 3, what is 1 - -2012?
2020
In base 11, what is 2615 - 2?
2613
In base 10, what is 238 + -1?
237
In base 4, what is 1121 + 1?
1122
In base 13, what is 57 - 10?
47
In base 13, what is -4 - 14b?
-152
In base 7, what is 5 + 3254?
3262
In base 14, what is -9c + -2?
-a0
In base 4, what is -310 - 20323?
-21233
In base 9, what is 0 + 262?
262
In base 10, what is -277 - 1?
-278
In base 2, what is 10 - 110010?
-11